 (base 14) to base 9
55
Convert 2 (base 13) to base 15.
2
-446 (base 7) to base 5
-1410
12 (base 6) to base 8
10
What is 4 (base 13) in base 3?
11
Convert -2 (base 9) to base 3.
-2
-1210 (base 3) to base 16
-30
Convert -2 (base 9) to base 5.
-2
Convert 10 (base 3) to base 10.
3
Convert -21 (base 4) to base 16.
-9
What is 124 (base 5) in base 16?
27
Convert 32 (base 6) to base 7.
26
What is -196 (base 11) in base 9?
-271
Convert 175 (base 12) to base 4.
3221
-2 (base 12) to base 6
-2
c (base 16) to base 11
11
Convert 58 (base 10) to base 14.
42
3 (base 12) to base 8
3
What is 311 (base 10) in base 6?
1235
Convert -320 (base 4) to base 7.
-110
Convert 1 (base 3) to base 11.
1
10 (base 14) to base 13
11
Convert -1402 (base 6) to base 8.
-552
13 (base 16) to base 12
17
1 (base 10) to base 9
1
What is 1044 (base 5) in base 3?
12112
What is -12 (base 10) in base 9?
-13
-33 (base 12) to base 4
-213
What is -2 (base 11) in base 4?
-2
Convert 11100 (base 2) to base 15.
1d
What is 10 (base 2) in base 9?
2
6 (base 8) to base 16
6
What is -33 (base 5) in base 14?
-14
Convert 1 (base 14) to base 11.
1
210 (base 6) to base 14
58
Convert 10 (base 10) to base 6.
14
-6 (base 8) to base 4
-12
What is -23 (base 7) in base 10?
-17
-1 (base 16) to base 12
-1
What is -11001 (base 2) in base 12?
-21
100 (base 11) to base 8
171
What is -134 (base 5) in base 13?
-35
What is 61 (base 13) in base 12?
67
What is 72 (base 15) in base 14?
79
32 (base 16) to base 4
302
What is 4 (base 13) in base 4?
10
Convert 108 (base 11) to base 7.
243
Convert -22 (base 12) to base 8.
-32
What is 1 (base 7) in base 10?
1
Convert -111 (base 4) to base 10.
-21
What is -181 (base 10) in base 4?
-2311
Convert -1 (base 10) to base 8.
-1
-233 (base 8) to base 10
-155
What is 0 (base 12) in base 15?
0
What is 48 (base 14) in base 7?
121
-3 (base 11) to base 3
-10
Convert 30 (base 7) to base 5.
41
What is 36 (base 10) in base 16?
24
Convert -46 (base 10) to base 7.
-64
Convert 2 (base 5) to base 6.
2
18 (base 16) to base 2
11000
Convert 5 (base 13) to base 8.
5
Convert -1 (base 13) to base 2.
-1
Convert 18 (base 13) to base 7.
30
Convert 61 (base 7) to base 4.
223
-6 (base 9) to base 6
-10
Convert 46 (base 16) to base 8.
106
Convert 31 (base 4) to base 12.
11
Convert 16 (base 7) to base 5.
23
Convert 10001010 (base 2) to base 12.
b6
What is 2 (base 16) in base 15?
2
Convert 373 (base 8) to base 2.
11111011
What is -7 (base 11) in base 13?
-7
111000 (base 2) to base 14
40
Convert 5 (base 10) to base 16.
5
Convert 0 (base 10) to base 7.
0
What is -11 (base 9) in base 15?
-a
152 (base 9) to base 2
10000000
Convert 128 (base 9) to base 5.
412
34 (base 13) to base 6
111
What is -2 (base 11) in base 9?
-2
Convert 4 (base 14) to base 9.
4
What is 323 (base 7) in base 5?
1124
What is 10 (base 3) in base 7?
3
What is 5 (base 8) in base 13?
5
-101 (base 3) to base 4
-22
Convert -100111101 (base 2) to base 10.
-317
What is -4 (base 15) in base 8?
-4
-4a (base 11) to base 8
-66
Convert -111021 (base 3) to base 16.
-166
Convert -344 (base 6) to base 14.
-9a
-35 (base 8) to base 9
-32
What is 0 (base 10) in base 8?
0
6 (base 8) to base 13
6
210 (base 6) to base 2
1001110
What is 4 (base 12) in base 3?
11
-206 (base 9) to base 2
-10101000
-4 (base 9) to base 11
-4
62 (base 14) to base 11
79
What is cb (base 14) in base 13?
10a
Convert -1 (base 13) to base 11.
-1
Convert -80 (base 14) to base 12.
-94
-9b (base 14) to base 4
-2021
Convert 9 (base 16) to base 3.
100
What is 19 (base 16) in base 7?
34
Convert -2100 (base 3) to base 2.
-111111
Convert -12011 (base 3) to base 8.
-213
Convert 1000 (base 6) to base 13.
138
What is -4 (base 6) in base 11?
-4
What is 23 (base 10) in base 3?
212
What is 3 (base 6) in base 5?
3
What is 2221 (base 3) in base 5?
304
What is -1 (base 10) in base 2?
-1
What is -4b (base 16) in base 8?
-113
What is -10 (base 2) in base 12?
-2
Convert -1 (base 9) to base 6.
-1
446 (base 9) to base 14
1c2
-146 (base 7) to base 2
-1010011
Convert 0 (base 6) to base 2.
0
Convert -1 (base 11) to base 5.
-1
What is e (base 16) in base 13?
11
What is -2001 (base 3) in base 6?
-131
11110 (base 2) to base 15
20
Convert 23 (base 6) to base 16.
f
What is 104 (base 16) in base 7?
521
Convert 331 (base 6) to base 8.
177
Convert -1 (base 5) to base 2.
-1
What is -1 (base 4) in base 5?
-1
What is -103 (base 5) in base 16?
-1c
Convert -23 (base 6) to base 4.
-33
Convert 24 (base 6) to base 13.
13
10 (base 6) to base 4
12
Convert 2 (base 5) to base 7.
2
Convert 25 (base 6) to base 7.
23
What is b (base 16) in base 2?
1011
What is -a5 (base 12) in base 9?
-148
What is 1 (base 2) in base 13?
1
96 (base 15) to base 3
12020
What is 101 (base 11) in base 4?
1322
What is -d (base 14) in base 8?
-15
-2 (base 6) to base 10
-2
-3 (base 11) to base 14
-3
Convert 3 (base 7) to base 11.
3
What is 117 (base 11) in base 3?
12011
Convert -220 (base 3) to base 14.
-1a
Convert -2 (base 4) to base 11.
-2
Convert -3 (base 15) to base 12.
-3
What is -3 (base 8) in base 11?
-3
Convert -2112 (base 4) to base 2.
-10010110
28 (base 15) to base 7
53
-22 (base 4) to base 11
-a
9 (base 14) to base 10
9
Convert -3 (base 10) to base 12.
-3
-1 (base 16) to base 11
-1
What is -113 (base 13) in base 2?
-10111001
111 (base 13) to base 2
10110111
Convert -17 (base 12) to base 6.
-31
Convert 10 (base 13) to base 12.
11
What is 45 (base 7) in base 6?
53
-100121 (base 3) to base 9
-317
-11 (base 5) to base 12
-6
What is -69 (base 13) in base 9?
-106
What is -b (base 15) in base 5?
-21
21 (base 7) to base 4
33
What is 16 (base 12) in base 8?
22
Convert -16 (base 12) to base 8.
-22
112 (base 7) to base 11
53
Convert 1c (base 15) to base 2.
11011
Convert 0 (base 2) to base 14.
0
-1000100 (base 2) to base 16
-44
What is 27 (base 11) in base 9?
32
-38 (base 9) to base 15
-25
What is 1 (base 13) in base 4?
1
Convert -21 (base 15) to base 3.
-1011
120 (base 5) to base 6
55
What is 2122 (base 3) in base 4?
1013
Convert -2a (base 14) to base 8.
-46
-50 (base 12) to base 2
-111100
2 (base 14) to base 10
2
Convert -5 (base 14) to base 15.
-5
4 (base 11) to base 10
4
2 (base 14) to base 11
2
-6d (base 15) to base 14
-75
What is 11000 (base 3) in base 16?
6c
Convert -1 (base 11) to base 15.
-1
Convert -112 (base 6) to base 7.
-62
102 (base 7) to base 15
36
Convert 73 (base 13) to base 6.
234
What is -6 (base 13) in base 8?
-6
2121 (base 4) to base 11
12a
-42 (base 13) to base 16
-36
a4 (base 14) to base 12
100
What is 4 (base 14) in base 6?
4
What is -5 (base 9) in base 13?
-5
Convert -4 (base 9) to base 16.
-4
What is 10b (base 16) in base 2?
100001011
Convert a7 (base 15) to base 10.
157
0 (base 15) to base 5
0
What is 3 (base 5) in base 4?
3
Convert -11 (base 2) to base 14.
-3
Convert 3 (base 15) to base 4.
3
Convert 3 (base 9) to base 3.
10
-1000 (base 4) to base 10
-64
2000 (base 3) to base 8
66
What is -2 (base 7) in base 14?
-2
Convert 0 (base 16) to base 14.
0
-4 (base 7) to base 12
-4
What is -110 (base 9) in base 14?
-66
0 (base 16) to base 14
0
What is 120 (base 3) in base 4?
33
What is 9 (base 13) in base 4?
21
What is 152 (base 7) in base 10?
86
-2 (base 3) to base 9
-2
Convert 7 (base 15) to base 7.
10
Convert 2 (base 4) to base 3.
2
Convert -11323 (base 4) to base 7.
-1051
Convert 2102 (base 5) to base 3.
101021
What is -18 (base 13) in base 11?
-1a
Convert 322 (base 4) to base 9.
64
-10 (base 3) to base 4
-3
What is -441 (base 7) in base 16?
-e1
What is 43 (base 7) in base 2?
11111
What is -8 (base 14) in base 9?
-8
What is 3 (base 16) in base 9?
3
-b (base 12) to base 11
-10
What is -214 (base 11) in base 7?
-515
1 (base 3) to base 8
1
101111 (base 2) to base 10
47
What is -100 (base 4) in base 6?
-24
7 (base 10) to base 9
7
What is -111011 (base 2) in base 8?
-73
What is -5 (base 12) in base 2?
-101
What is -84 (base 12) in base 15?
-6a
5 (base 9) to base 16
5
Convert 4 (base 16) to base 15.
4
33 (base 4) to base 11
14
310 (base 5) to base 6
212
0 (base 14) to base 8
0
What is 14 (base 9) in base 10?
13
What is 2032 (base 5) in base 3?
100220
Convert 1221 (base 3) to base 10.
52
What is 4 (base 7) in base 16?
4
What is -111111 (base 2) in base 6?
-143
Convert -52 (base 11) to base 3.
-2010
What is -43 (base 14) in base 10?
-59
4 (base 1